highest common factor of j and w.
36
Let c be 16/48 + (-150)/(-27)*3. Let r = -18 + 12. Let h = r + c. What is the highest common divisor of h and 99?
11
Suppose -2*z - t - 20 = -3*t, 3*z = -5*t - 22. Let o = -3 - z. Let k = -38 - -80. What is the highest common divisor of k and o?
6
Let p(q) = 11*q + 89. Let c be p(-7). Calculate the highest common divisor of c and 60.
12
Suppose 6462 - 87 = 25*j. What is the greatest common factor of j and 68?
17
Suppose -2*c + 3 + 142 = 3*i, -5*c + 5*i + 300 = 0. Let o be (-4)/18 - (-79)/(-9). Let g be 39/((o/(-2))/3). Calculate the greatest common factor of g and c.
13
Let a = -45 + 85. Suppose 3*s - a = -s - 4*y, -s - 5*y = 10. What is the highest common divisor of 60 and s?
15
Let f(w) be the first derivative of -w**4/4 - 4*w**3/3 - 3*w**2 - 7*w + 2. Let x = 76 + -79. Let c be f(x). What is the highest common divisor of 4 and c?
2
Suppose -2*w = 3*w - 75. Suppose o - 5*r - 23 = 0, o + 2*r = -4*o + 61. Let t = 28 - o. What is the greatest common factor of w and t?
15
Let q(u) = -u + 7. Let i be q(4). Suppose -3*w + 60 = -i. Calculate the highest common factor of 21 and w.
21
Let c = 1565 + -1344. What is the highest common factor of c and 26?
13
Suppose 31*f - 29120 = 5*f. Calculate the greatest common factor of 35 and f.
35
Let n be (4 - 69/24)/((-7)/(-56)). What is the greatest common divisor of 10 and n?
1
Let n(m) = 3*m + 119. Let a be n(-37). What is the greatest common divisor of a and 64?
8
Suppose -5*k = -8*k + 24. Suppose 11*x - k*x = 24. What is the highest common divisor of x and 4?
4
Let v = -148 - -162. Suppose -h - 11 + 4 = 0. Let d be h/((-6)/5 - -1). What is the greatest common divisor of v and d?
7
Let b(m) = 10*m**2 - 49*m + 11. Let y be b(5). What is the highest common factor of 16 and y?
16
Let a(m) = 35*m**2 - 8*m - 7. Let o be a(-1). What is the highest common divisor of o and 48?
12
Let p = -78 + 99. What is the greatest common factor of 7 and p?
7
Let f = 597 - 590. Calculate the greatest common factor of f and 189.
7
Suppose 18*i = -3*i + 1365. Let z be -4 + (-4)/(-2) + -41. Let o = z + i. Calculate the greatest common divisor of 198 and o.
22
Suppose 3*g - x = 456, -5*x + 4*x - 152 = -g. What is the greatest common divisor of 19 and g?
19
Suppose 5*b + 3*c - 328 = -33, 0 = 5*b + 2*c - 290. What is the highest common divisor of 12 and b?
4
Suppose 0 = 5*f - 35*i + 34*i - 1317, 4*f = -2*i + 1062. Let a(r) = -r**3 - r**2 + 4*r + 1. Let n be a(-4). What is the greatest common factor of n and f?
33
Let t = 18 - 12. Suppose 45*b - 39*b = 468. What is the highest common divisor of b and t?
6
Let s(l) = 57*l**2 - 9*l. Let r be s(-1). Calculate the highest common factor of r and 12.
6
Suppose -3*v = -4*d - 83, v - 49 = -d - 3*d. Calculate the greatest common divisor of 66 and v.
33
Let u(d) = -d**2 + d + 15. Suppose -3*f - 30 = -0*f. Let v = 10 + f. Let m be u(v). Calculate the greatest common divisor of m and 15.
15
Suppose -13*r + 189 + 253 = -78. Suppose 0 = 2*c - 4*c - 3*k + 16, 4*c = -5*k + 30. What is the highest common divisor of c and r?
5
Suppose 0 = -3*l - 2*l - 280. Let p be (l/4)/((-6)/48). Calculate the highest common factor of p and 28.
28
Suppose 0 = 108*w - 3750 - 6294. What is the greatest common divisor of w and 403?
31
Let p(d) = -5*d + 2. Let g be -1*(2 - -7 - 0). Let n be p(g). Let x = n - 11. What is the highest common divisor of 6 and x?
6
Let m be (15/25)/(21/980). Suppose -3*y + g + 926 = 0, 0 = 3*y - y + 2*g - 612. Calculate the highest common divisor of m and y.
28
Let q(p) = p**3 + 5*p**2 - 9*p - 1. Let c be q(-5). Calculate the greatest common divisor of 99 and c.
11
Suppose -4*y - 5*k - 17 + 80 = 0, 3*k = 9. Let v be (7/(-21))/(1/93). Let q = v - -91. Calculate the greatest common divisor of y and q.
12
Suppose -4*p + 64 = -56. Calculate the greatest common factor of p and 12.
6
Let q(n) = -6*n**3 - n**2 - n - 1. Let p be q(-1). Let x = p + -2. Suppose -17 = -2*a - 5*t, -2 = -x*a - t + 4. What is the highest common divisor of a and 8?
1
Let y = -82 + 148. Let s = -1044 + 1209. What is the highest common factor of s and y?
33
Let s = -8 - -19. Let w(j) = j + 23. Let y be w(s). Suppose -4*p + 3*k + 5 = -23, k = -3*p + y. What is the greatest common divisor of 20 and p?
10
Let w(i) = 75*i**2 - 11*i + 3. Let u be w(-2). Calculate the highest common factor of u and 13.
13
Let l be 708/20 - (-2)/(-5). Suppose 5*x - 1410 = 5*w, -3*w - 262 = -5*x + 1144. What is the greatest common factor of x and l?
35
Suppose -15*u + 566 = 236. What is the highest common divisor of 814 and u?
22
Suppose -4*a + 20 = 0, 4*n + a - 19 = 18. Suppose -138 = 6*x - n*x. What is the greatest common divisor of 23 and x?
23
Suppose -o = o - 140. Let t = o - 128. Let u = t + 134. Calculate the highest common factor of 19 and u.
19
Suppose 0 = -6*t - 2*l + 34, 3*t - 11 - 10 = 3*l. Calculate the highest common factor of t and 216.
6
Suppose -37*g + 2990 = 9*g. What is the highest common divisor of g and 845?
65
Suppose -7*b - 117 - 772 = 0. Let o(q) = -q**3 + 12*q**2 + 9*q - 3. Let k be o(11). Let m = k + b. Calculate the highest common divisor of m and 18.
18
Suppose -21*c + 60*c - 3120 = 0. What is the highest common factor of c and 65?
5
Let z(m) be the first derivative of m**3/3 + m - 8. Let r be z(-2). What is the greatest common factor of 10 and r?
5
Let w(t) = t**3 + 8*t**2 - 2*t - 12. Let z be w(-8). Suppose z*u - 3*u = 2. Suppose -h + u*h = 11. What is the greatest common divisor of 55 and h?
11
Let f = 15 - 11. Suppose -f*h - 91 = -4*u + h, -73 = -4*u - h. Let w(x) = 51*x - 1. Let l be w(3). What is the greatest common factor of u and l?
19
Let v = 25 - -6. Let n = 67 - v. Calculate the highest common divisor of n and 9.
9
Suppose 11*z - 400 = 6*z. Suppose 12*o - 16*o + z = 0. What is the highest common divisor of 60 and o?
20
Suppose i - 1 = 4*i - 5*r, 3*i = 4*r + 4. Suppose -178 = -21*g + 242. What is the highest common factor of i and g?
4
Let v be (-2)/(((-26)/(-30875))/((-2)/10)). What is the highest common divisor of 25 and v?
25
Let h(r) = -r**3 + 20*r**2 + 28*r + 47. Let o be h(21). Let q be (-2)/(-7) + o/7. What is the greatest common factor of q and 2?
2
Let y = 86 + 378. What is the highest common divisor of y and 58?
58
Let r = -10 + -32. Let l be 14/2*r/(-6). Let j be (-21)/12*(0 + -4). Calculate the highest common factor of j and l.
7
Let j(u) = -u**2 + 6*u + 4. Let h be j(6). Suppose -3*c + 5*o + 361 = -167, 669 = h*c + 5*o. Calculate the greatest common divisor of c and 19.
19
Let w = -518 + 918. Calculate the highest common factor of 16 and w.
16
Suppose 216*d - 219*d = -6. What is the highest common divisor of d and 9?
1
Let b = 132 + -72. Suppose -9*z + 3*z = -b. Calculate the greatest common factor of z and 10.
10
Suppose 4*k + 4*s = 8 + 16, 5*k - 66 = 4*s. Let x(v) = v**3 - 11*v**2 + 14*v - 15. Let j be x(k). What is the highest common divisor of 225 and j?
25
Let r = 894 + -582. What is the highest common divisor of 192 and r?
24
Let p(k) = 2*k + 22. Let w be p(10). Calculate the greatest common factor of w and 357.
21
Suppose 6*k + 236 = 7*k. Suppose -2*s - 2*s = k. Let i = 115 + s. Calculate the highest common divisor of 7 and i.
7
Let h be -5 + ((-2)/5)/((-15)/2850). Calculate the highest common divisor of h and 3337.
71
Let z = 13 + -11. Suppose -i + z*i = 12. Calculate the greatest common factor of i and 96.
12
Let r(f) = 4*f**3 - 5*f**2 - 6*f - 1. Let t(n) = n**2 - 9*n - 7. Let g be t(10). Let z be r(g). Calculate the greatest common divisor of 11 and z.
11
Let d(l) = 17*l + 5*l**3 - 9 - 4*l**3 + 19*l**2 + 0*l**3 - 1. Let q be d(-18). What is the greatest common divisor of q and 72?
8
Let h = 0 - -2. Let r be (h + (-6)/3)/(-1). Suppose 0 = -c - r + 2. What is the greatest common divisor of 1 and c?
1
Suppose 0 = t - 0*t + 2*w + 65, 5*w + 194 = -3*t. Let i = t + 74. What is the highest common divisor of i and 11?
11
Let m = -1228 - -1767. What is the highest common factor of m and 49?
49
Let g(v) = 7*v - 140. Let a be g(22). What is the greatest common divisor of a and 119?
7
Suppose -4*h - 233 = -4*y - h, -3*y + h = -171. Let u = -19 - -19. Suppose u = 5*z - 37 + 2. What is the highest common factor of z and y?
7
Let a = -1140 + 1155. What is the greate